10?
True
Is 660969 a multiple of 113?
False
Is 98 a factor of 279201?
False
Does 32 divide 43694?
False
Is 17 a factor of 1838897?
False
Is 277 a factor of 13664161?
False
Does 18 divide 622429?
False
Is 28 a factor of 1155229?
False
Does 515 divide 1517820?
False
Is 73932 a multiple of 10?
False
Is 2 a factor of 449?
False
Is 9 a factor of 3626?
False
Does 592 divide 4506304?
True
Is 207 a factor of 231012?
True
Does 7 divide 16609?
False
Does 793 divide 584443?
False
Does 25 divide 48225?
True
Is 461 a factor of 111699?
False
Is 29441 a multiple of 41?
False
Is 13 a factor of 186251?
True
Is 267858 a multiple of 22?
False
Is 354 a factor of 2650752?
True
Is 21 a factor of 224690?
False
Is 26796 a multiple of 58?
True
Is 1263771 a multiple of 63?
False
Does 15 divide 995895?
True
Is 310488 a multiple of 31?
False
Is 190 a factor of 1493210?
True
Does 8 divide 424904?
True
Is 260063 a multiple of 41?
True
Is 64 a factor of 1217646?
False
Is 239383 a multiple of 149?
False
Is 63 a factor of 100411?
False
Is 54 a factor of 212267?
False
Does 4 divide 15656?
True
Is 343031 a multiple of 32?
False
Is 131 a factor of 5954998?
True
Does 65 divide 187327?
False
Does 5 divide 104288?
False
Is 166675 a multiple of 295?
True
Does 26 divide 440409?
False
Is 46448 a multiple of 8?
True
Does 5 divide 3774615?
True
Is 888186 a multiple of 193?
True
Is 173494 a multiple of 141?
False
Is 13 a factor of 53937?
True
Is 473596 a multiple of 16?
False
Does 44 divide 1991837?
False
Does 290 divide 752208?
False
Is 29 a factor of 281561?
True
Does 7 divide 213583?
False
Is 2380640 a multiple of 8?
True
Is 6 a factor of 13878?
True
Does 14 divide 1570237?
False
Does 76 divide 93011?
False
Is 526992 a multiple of 13?
False
Is 79 a factor of 378750?
False
Does 475 divide 4517074?
False
Is 782 a factor of 2051968?
True
Is 506884 a multiple of 43?
True
Is 1401928 a multiple of 179?
True
Does 111 divide 115107?
True
Is 8 a factor of 1101970?
False
Does 12 divide 72?
True
Is 164 a factor of 2687960?
True
Does 47 divide 50525?
True
Does 140 divide 317896?
False
Is 301737 a multiple of 40?
False
Does 144 divide 5501094?
False
Is 156 a factor of 857882?
False
Is 1234 a factor of 21546874?
True
Does 63 divide 155754?
False
Is 157 a factor of 186673?
True
Is 832 a factor of 17268088?
False
Is 142146 a multiple of 9?
True
Does 8 divide 97377?
False
Does 13 divide 3290277?
False
Does 547 divide 2718043?
True
Is 650635 a multiple of 5?
True
Is 9 a factor of 96369?
False
Is 10452 a multiple of 26?
True
Is 484 a factor of 8326252?
True
Is 1042 a factor of 23619014?
True
Is 844 a factor of 1314579?
False
Is 6 a factor of 854916?
True
Is 432125 a multiple of 16?
False
Does 109 divide 5749446?
False
Does 4 divide 16200?
True
Does 15 divide 977205?
True
Does 151 divide 4840671?
False
Is 76 a factor of 62913?
False
Does 8 divide 10928?
True
Is 1072 a factor of 801653?
False
Is 36292266 a multiple of 21?
False
Is 41734 a multiple of 63?
False
Is 490 a multiple of 245?
True
Is 54 a factor of 1118124?
True
Does 12 divide 101004?
True
Is 2431220 a multiple of 946?
True
Is 175308 a multiple of 11?
False
Is 15 a factor of 12060?
True
Is 174018 a multiple of 39?
True
Does 250 divide 1689534?
False
Is 162 a factor of 9119952?
True
Is 885 a factor of 637510?
False
Is 1007352 a multiple of 51?
True
Does 1134 divide 985844?
False
Is 392744 a multiple of 4?
True
Does 874 divide 931684?
True
Does 13 divide 362557?
True
Does 16 divide 11584?
True
Does 27 divide 3842100?
True
Is 74375 a multiple of 7?
True
Is 4395097 a multiple of 21?
False
Is 2605769 a multiple of 48?
False
Does 4 divide 6972?
True
Is 9743 a multiple of 8?
False
Is 276850 a multiple of 11?
False
Does 84 divide 103740?
True
Is 118 a factor of 6377449?
False
Does 295 divide 236590?
True
Is 7425920 a multiple of 1312?
True
Is 118 a factor of 636098?
False
Is 2188040 a multiple of 95?
True
Does 607 divide 937208?
True
Is 2940379 a multiple of 21?
False
Is 1789 a multiple of 4?
False
Is 3 a factor of 34877?
False
Does 15 divide 575970?
True
Does 11 divide 24574?
True
Is 328 a factor of 6227438?
False
Is 4789666 a multiple of 30?
False
Is 196479 a multiple of 15?
False
Does 48 divide 337296?
True
Does 17 divide 154683?
True
Does 37 divide 72157?
False
Is 177 a factor of 3333441?
True
Is 80489 a multiple of 58?
False
Is 5177016 a multiple of 52?
True
Is 2 a factor of 312775?
False
Is 87006 a multiple of 102?
True
Is 527 a factor of 989042?
False
Does 10 divide 214627?
False
Is 340 a factor of 3375409?
False
Does 8 divide 9374687?
False
Is 1315776 a multiple of 138?
False
Is 361 a factor of 57760?
True
Does 38 divide 185212?
True
Is 4 a factor of 2545879?
False
Does 70 divide 304360?
True
Is 18 a factor of 1366290?
True
Does 164 divide 1140477?
False
Does 3 divide 378683?
False
Does 15 divide 154110?
True
Does 8 divide 133276?
False
Is 45 a factor of 1135259?
False
Is 1544147 a multiple of 370?
False
Is 131 a factor of 446841?
True
Is 1349254 a multiple of 86?
True
Is 7591522 a multiple of 178?
True
Does 21 divide 2662719?
False
Does 23 divide 69920?
True
Is 37 a factor of 131749?
False
Is 445301 a multiple of 237?
False
Is 851836 a multiple of 2?
True
Does 669 divide 2676?
True
Is 363975 a multiple of 633?
True
Is 13 a factor of 7465224?
True
Is 21 a factor of 5065578?
True
Is 974556 even?
True
Is 87024 a multiple of 15?
False
Does 110 divide 6324515?
False
Is 986305 a multiple of 12?
False
Is 3727840 a multiple of 736?
True
Does 138 divide 5237826?
False
Is 29175552 a multiple of 14?
True
Does 21 divide 122241?
True
Is 38 a factor of 272498?
True
Is 583212 a multiple of 21?
True
Is 1114653 a multiple of 11?
False
Does 22 divide 332948?
True
Does 497 divide 17156961?
False
Is 136029 a multiple of 532?
False
Does 200 divide 157510?
False
Does 10 divide 70290?
True
Does 28 divide 77672?
True
Is 36 a factor of 180540?
True
Does 95 divide 286235?
True
Is 4 a factor of 11243?
False
Is 6 a factor of 54492?
True
Does 15 divide 42835?
False
Is 13 a factor of 1735245?
False
Is 32 a factor of 85728?
True
Is 28 a factor of 3467324?
True
Is 2961211 a multiple of 238?
False
Is 2131442 a multiple of 199?
False
Is 9522382 a multiple of 70?
False
Does 13 divide 309361?
True
Is 8089915 a multiple of 410?
False
Is 157950 a multiple of 50?
True
Is 5588302 a multiple of 158?
True
Is 272 a factor of 6550548?
False
Is 204 a factor of 2485166?
False
Does 20 divide 5050358?
False
Is 1233268 a multiple of 17?
False
Is 585390 a multiple of 158?
True
Is 6 a factor of 209817?
False
Does 17 divide 287980?
True
Is 130565 a multiple of 27?
False
Does 49 divide 450299?
False
Does 85 divide 4413916?
False
Is 3 a factor of 197090?
False
Is 2100582 a multiple of 6?
True
Does 128 divide 1072512?
True
Is 32 a factor of 368528?
False
Is 124 a factor of 110980?
True
Is 43068 a multiple of 140?
False
Is 28264 a multiple of 175?
False
Does 12 divide 555091?
False
Does 20 divide 1514012?
False
Is 1239960 a multiple of 40?
True
Does 28 divide 119275?
False
Is 64130 a multiple of 121?
True
Is 216 a factor of 5516208?
True
Does 70 divide 99120?
True
Is 16 a factor of 1359558?
False
Is 20597 a multiple of 29?
False
Is 29 a factor of 437726?
True
Is 483 a factor of 11032002?
False
Is 2188425 a multiple of 15?
True
Is 3934128 a multiple of 132?
True
Is 17 a factor of 27269?
False
Does 58 divide 474440?
True
Does 59 divide 44545?
True
Does 14 divide 1916706?
False
Is 209033 a multiple of 8?
False
Does 19 divide 305053?
False
Does 88 divide 369767?
False
Is 151 a factor of 4177288?
False
Does 66 divide 1528295?
False
Is 9842056 a multiple of 362?
True
Does 244 divide 271150?
False
Does 6 divide 49368?
True
Is 24850 a multiple of 25?
True
Is 326 a factor of 155693?
False
Is 4555363 a multiple of 7?
False
Does 67 divide 166263?
False
Is 173810 a multiple of 26?
True
Is 8 a factor of 855776?
True
Is 244662 a multiple of 242?
True
Does 153 divide 164169?
True
Is 21 a factor of 731220?
True
Does 79 divide 409233?
False
Is 4312155 a multiple of 345?
True
Is 1583146 a multiple of 324?
False
Does 55 divide 30379?
False
Is 49 a factor of 114205?
False
Does 5 divide 65700?
True
Is 72897 a multiple of 60?
False
Is 76063 a multiple of 8?
False
Does 388 divide 3076727?
False
Does 19 divide 4336?
F